te?
True
Is 1105496477 a prime number?
True
Is 39694493 a prime number?
True
Is 10604329 composite?
True
Is 2888850703 a composite number?
False
Is 2903087809 a composite number?
True
Is 1747577371 composite?
False
Is 15271918 a prime number?
False
Is 1199879563 composite?
True
Is 2705384677 composite?
False
Is 5857720343 a prime number?
False
Is 900764287 a composite number?
False
Is 473826707 composite?
False
Is 1789947121 a prime number?
True
Is 11835064601 prime?
True
Is 5792900363 prime?
False
Is 10061225371 a prime number?
True
Is 13902173407 composite?
False
Is 4455434323 a prime number?
True
Is 3595933 composite?
True
Is 14348879 composite?
False
Is 9568976929 composite?
True
Is 2926992326 a prime number?
False
Is 23916666491 prime?
True
Is 9929817533 composite?
False
Is 12032912741 a prime number?
True
Is 4670324599 prime?
True
Is 171012077 composite?
True
Is 104969995579 a prime number?
True
Is 339261631 a composite number?
False
Is 94330021 composite?
False
Is 28225222801 composite?
False
Is 656627173 prime?
True
Is 27668948143 a composite number?
True
Is 52231971567 composite?
True
Is 2388011057 prime?
True
Is 6835157621 prime?
True
Is 9066629905 a composite number?
True
Is 5645947039 prime?
True
Is 88209581 a prime number?
True
Is 3341498189 prime?
False
Is 6968216987 prime?
True
Is 5339449519 a prime number?
True
Is 17104143263 a composite number?
False
Is 1824466123 a prime number?
True
Is 13689165979 a prime number?
False
Is 11053104067 a prime number?
True
Is 1082100821 a prime number?
True
Is 22610651621 prime?
True
Is 3619307249 a composite number?
False
Is 8405280623 composite?
False
Is 19359728551 composite?
False
Is 85263504527 prime?
True
Is 10968559 prime?
False
Is 191814361 a composite number?
False
Is 2539786871 composite?
True
Is 45920557311 a composite number?
True
Is 38172807803 a composite number?
True
Is 25523384573 prime?
True
Is 244270109 a prime number?
True
Is 351727879 prime?
True
Is 137878385763 composite?
True
Is 4380945551 prime?
True
Is 33664501313 a composite number?
False
Is 20399184079 prime?
True
Is 131704249 prime?
True
Is 296040264517 a composite number?
False
Is 104779201 a composite number?
True
Is 1562928629 composite?
False
Is 283768003 a prime number?
True
Is 29472759067 a composite number?
True
Is 11640960393 prime?
False
Is 969620429 a prime number?
True
Is 2326816591 a composite number?
True
Is 8436983902 composite?
True
Is 16948774753 composite?
False
Is 105489982127 prime?
False
Is 22732000649 a prime number?
True
Is 2399224567 a composite number?
True
Is 1592549339 a prime number?
False
Is 117470654051 composite?
False
Is 1085776987 a prime number?
True
Is 17768234357 composite?
False
Is 63716967737 a prime number?
True
Is 2466098767 composite?
True
Is 10181121323 prime?
True
Is 1083039053 a composite number?
True
Is 874861342 a prime number?
False
Is 7729845737 a prime number?
True
Is 3285781718 a prime number?
False
Is 9860616303 composite?
True
Is 6266881261 composite?
False
Is 748282793 a prime number?
True
Is 9493161157 a composite number?
False
Is 48390311693 a composite number?
False
Is 7014003049 a composite number?
False
Is 7320881959 composite?
True
Is 202673505227 a composite number?
False
Is 641362489 a composite number?
False
Is 3912061741 composite?
True
Is 6769341079 prime?
False
Is 2932522751 composite?
True
Is 3588675317 composite?
True
Is 9616005563 a composite number?
False
Is 1382602411 composite?
False
Is 314584775159 composite?
False
Is 486956374 prime?
False
Is 1506415546 prime?
False
Is 2776517591 a composite number?
False
Is 152832525101 a composite number?
False
Is 269984153 composite?
True
Is 306851063 a prime number?
True
Is 149375294683 composite?
True
Is 14922738217 composite?
False
Is 19482906981 prime?
False
Is 4597687307 a composite number?
False
Is 3241412905 a composite number?
True
Is 29250496019 a prime number?
True
Is 472635113 a prime number?
False
Is 2607976751 prime?
False
Is 348222023 a prime number?
False
Is 75489047261 a prime number?
False
Is 46274593 a composite number?
True
Is 6053968985 prime?
False
Is 693455947 composite?
False
Is 7696713209 composite?
False
Is 1729046747 composite?
True
Is 52409645627 prime?
False
Is 947948053 prime?
False
Is 53410770277 a prime number?
True
Is 3620923471 composite?
True
Is 24473757577 composite?
False
Is 101609858137 a prime number?
False
Is 1052088539 composite?
True
Is 120208639 prime?
True
Is 2211667471 a prime number?
False
Is 2129027837 a composite number?
True
Is 46376306543 a prime number?
False
Is 30373785199 a composite number?
True
Is 956510363 prime?
False
Is 71630238481 prime?
True
Is 579757447 a composite number?
False
Is 193007593 composite?
True
Is 13973399819 prime?
True
Is 27608082461 composite?
False
Is 1506830137 composite?
False
Is 34476050657 composite?
True
Is 14788468837 composite?
False
Is 62270657459 a composite number?
True
Is 269143727 prime?
False
Is 5249744951 composite?
True
Is 2062810657 a prime number?
True
Is 687333221 composite?
False
Is 15593546999 prime?
False
Is 4167835439 a composite number?
False
Is 579754249 composite?
True
Is 358042603 a prime number?
False
Is 99876979243 a composite number?
True
Is 3492080809 a composite number?
True
Is 184252829 a composite number?
True
Is 1183989823 prime?
False
Is 703125823 a composite number?
False
Is 26544508489 a composite number?
False
Is 1815319573 prime?
False
Is 660656383 a prime number?
True
Is 339073781 prime?
True
Is 20615497381 a prime number?
True
Is 9632742479 a composite number?
True
Is 344874863 a composite number?
False
Is 2762317747 a composite number?
True
Is 608637409 a prime number?
False
Is 778784771 composite?
False
Is 15079564967 a prime number?
True
Is 21035226257 composite?
True
Is 1772461403 prime?
False
Is 30339167 a composite number?
False
Is 7754992471 a composite number?
True
Is 622287727 composite?
False
Is 36632109673 a composite number?
False
Is 5276795879 a prime number?
False
Is 907813783 prime?
True
Is 93686603 a composite number?
False
Is 38667277643 prime?
False
Is 657466361 prime?
False
Is 6880010933 a prime number?
True
Is 676484929 a prime number?
True
Is 423463877 a composite number?
False
Is 38594110657 a composite number?
False
Is 19584002171 a composite number?
True
Is 3923522621 a composite number?
False
Is 135304657 prime?
False
Is 9962777309 a prime number?
True
Is 1239593113 a prime number?
False
Is 5177910079 a composite number?
True
Is 7627485451 a composite number?
False
Is 108288061007 a composite number?
True
Is 112877607067 a composite number?
False
Is 1257464597 a composite number?
False
Is 150273787 a composite number?
False
Is 12468600421 composite?
False
Is 25055086577 a prime number?
False
Is 154249832291 composite?
False
Is 280423193 composite?
False
Is 211090405 a prime number?
False
Is 1529813303 a composite number?
True
Is 14581852489 prime?
False
Is 247312517 a composite number?
False
Is 5905900927 composite?
False
Is 997552477 a composite number?
True
Is 9945682393 composite?
True
Is 31996431671 a prime number?
True
Is 91316774189 a prime number?
False
Is 19354430983 prime?
False
Is 9037222847 prime?
True
Is 1890813059 a prime number?
False
Is 3334306179 a prime number?
False
Is 8782693889 a composite number?
False
Is 1100820293 a composite number?
False
Is 527639429 a composite number?
False
Is 50218299371 composite?
True
Is 15057076823 prime?
True
Is 21308886769 prime?
False
Is 23189237 a prime number?
False
Is 4597674553 a composite number?
False
Is 153298907 prime?
True
Is 489958831 a prime number?
False
Is 8019381791 a prime number?
True
Is 1062020849 a composite number?
True
Is 125139595141 composite?
True
Is 20427830197 composite?
True
Is 71268277423 composite?
True
Is 2009978939 a prime number?
True
Is 323429111 composite?
False
Is 592695559 composite?
False
Is 16222242773 composite?
True
Is 788285683 a prime number?
True
Is 507543787 a prime number?
False
Is 6979224299 a composite number?
False
Is 2149856341 a composite number?
False
Is 1711620227 composite?
False
Is 217987841 prime?
True
Is 17112415921 composite?
True
Is 161229623845 a composite number?
True
Is 148970123 composite?
False
Is 9211449683 a prime number?
False
Is 81881747 prime?
True
